{"id":132,"date":"2022-05-29T20:58:59","date_gmt":"2022-05-29T18:58:59","guid":{"rendered":"https:\/\/www.albertsalvia.com\/?post_type=projecte&#038;p=132"},"modified":"2022-12-30T17:26:55","modified_gmt":"2022-12-30T16:26:55","slug":"pastisseria-marques","status":"publish","type":"projecte","link":"https:\/\/www.albertsalvia.com\/es\/projecte\/pastisseria-marques\/","title":{"rendered":"Panader\u00eda\/cafeter\u00eda Marqu\u00e9s"},"content":{"rendered":"<div id=\"div_block-asd2-272\" class=\"ct-div-block separador_blocs_no_peufoto\" ><div id=\"div_blo2casdfasdfak-6-272\" class=\"ct-div-block\" ><div id=\"div_blds3ock-13-272\" class=\"ct-div-block mida25\" ><div id=\"text_bl3d3ock-14-284\" class=\"ct-text-block\" ><div>La nueva tienda de Marqu\u00e9s es una pasteler\u00eda que expresa. Que plasma en la distribuci\u00f3n, en sus elementos y materiales los estandartes de esta familia panadera con a\u00f1os de experiencia en la producci\u00f3n y venta de productos de calidad.<\/div><div><br><\/div><div>Ampliamente representado est\u00e1 el estandarte de la tradici\u00f3n. Es, en s\u00ed, la esencia del proyecto, con la participaci\u00f3n de distintos gremios como el carpintero y su mobiliario realizado a medida con acabados manuales; el detalle de las l\u00e1mparas de distintas dimensiones y colores, manufacturados y encintados una a una desde la proximidad; y por \u00faltimo con la presencia de un mural de baldosa valenciana hecha y pintada a mano con el retrato de los pasteleros de la casa trabajando. Igualmente destacado es el estandarte de la calidad en el producto que se ofrece, por este motivo se ha dise\u00f1ado un espacio en el que los protagonistas son el pan, los pasteles, la boller\u00eda, las cocas, etc\u00e9tera. Por ese motivo el punto de partida del proyecto fue la b\u00fasqueda de la mejor ubicaci\u00f3n del expositor del pan. La selecci\u00f3n de la gama crom\u00e1tica y de los materiales, hecha con este fin, incorporan la madera de haya, el m\u00e1rmol de Macael, que adem\u00e1s de a\u00f1adir la sensaci\u00f3n de proximidad, pone el valor y protagonismo el producto.&nbsp;<\/div><div><br><\/div><div>Todo ello enfatizado por una iluminaci\u00f3n t\u00e9cnica con una temperatura de color e intensidad que de manera muy discreta refuerza esta intencionalidad.&nbsp;<\/div><\/div><\/div><div id=\"div_blof2fck-12-272\" class=\"ct-div-block\" ><img decoding=\"async\" loading=\"lazy\" id=\"imagfd3e-7-272\" alt=\"\" src=\"https:\/\/www.albertsalvia.com\/wp-content\/uploads\/sites\/2\/1-pastisseria-11-1.jpg\" class=\"ct-image\"\/><\/div><\/div><\/div>\n\n<div id=\"divfdsf3_block-2-272\" class=\"ct-div-block separador_blocs_no_peufoto\" ><div id=\"div_g33gsblock-6-272\" class=\"ct-div-block\" ><img decoding=\"async\" loading=\"lazy\" id=\"image-gg31a7-272\" alt=\"\" src=\"https:\/\/www.albertsalvia.com\/wp-content\/uploads\/sites\/2\/7-pastisseria-20.jpg\" class=\"ct-image\"\/><\/div><\/div>\n\n<div id=\"d3f3hiv_block-2-272\" class=\"ct-div-block separador_blocs_no_peufoto\" ><div id=\"di7353753v_block-6-272\" class=\"ct-div-block\" ><div id=\"div_blo3753753ck-12-272\" class=\"ct-div-block\" ><img decoding=\"async\" loading=\"lazy\" id=\"image-7-272375375\" alt=\"\" src=\"https:\/\/www.albertsalvia.com\/wp-content\/uploads\/sites\/2\/5-pastisseria-10.jpg\" class=\"ct-image\"\/><\/div><div id=\"div_b3753753lock-13-272\" class=\"ct-div-block\" ><img decoding=\"async\" loading=\"lazy\" id=\"image3753753-8-272\" alt=\"\" src=\"https:\/\/www.albertsalvia.com\/wp-content\/uploads\/sites\/2\/pastisseria-65.jpg\" class=\"ct-image\"\/><\/div><\/div><\/div>\n\n<div id=\"f3fddiv_block-2-272\" class=\"ct-div-block separador_blocs_in_proj\" ><div id=\"div_block-f3f116-272\" class=\"ct-div-block\" ><img decoding=\"async\" loading=\"lazy\" id=\"image-7-272rr22ff\" alt=\"\" src=\"https:\/\/www.albertsalvia.com\/wp-content\/uploads\/sites\/2\/15-pastisseria-56.jpg\" class=\"ct-image\"\/><\/div><div id=\"div_block-5-272xczx\" class=\"ct-div-block\" ><div id=\"text_blockxczx-16-272\" class=\"ct-text-block mida18\" >La gran transparencia de la fachada invita y muestra y, a su vez, los cuarterones de aluminio negro le dan la calidez del comercio tradicional<\/div><\/div><\/div>\n\n<div id=\"div_blofsd3ck-2-272\" class=\"ct-div-block separador_blocs_no_peufoto\" ><div id=\"div_block-6-272t3gg\" class=\"ct-div-block\" ><div id=\"div_block-12-272g3rr\" class=\"ct-div-block\" ><img decoding=\"async\" loading=\"lazy\" id=\"image-7-272pop\" alt=\"\" src=\"https:\/\/www.albertsalvia.com\/wp-content\/uploads\/sites\/2\/4-pastisseria-28.jpg\" class=\"ct-image\"\/><\/div><div id=\"div_block-opo13-272\" class=\"ct-div-block mida25\" ><div id=\"text_block-opo14-284\" class=\"ct-text-block\" ><div>Por \u00faltimo tenemos el estandarte b\u00e1sico: la selecci\u00f3n de una buena materia primera. Desde el interiorismo se manifiesta con la transparencia. Con una fachada sobria -sin elementos que distraigan la atenci\u00f3n, con un r\u00f3tulo conciso, discretamente iluminado y un marco negro -que gu\u00eda la mirada del transeunte hacia el interior: la cafeter\u00eda, sus usuarios, el concepto y, especialmente, el producto.&nbsp;<\/div><div><br><\/div><div>Finalmente, en el fondo se abre, con toda la intencionalidad, el obrador. Con una amplia carpinter\u00eda de cuarterones y cristal -iguales a los de la fachada-, con el descaro de quien no tiene nada que esconder, invitando a ver como se acaban de elaborar pasteles, se preparan desayunos, etc\u00e9tera.<\/div><\/div><\/div><\/div><\/div>\n\n<div id=\"f3fddiv_block-2-272\" class=\"ct-div-block separador_blocs_in_proj\" ><div id=\"div_block-f3f116-272\" class=\"ct-div-block\" ><img decoding=\"async\" loading=\"lazy\" id=\"image-7-272rr22ff\" alt=\"\" src=\"https:\/\/www.albertsalvia.com\/wp-content\/uploads\/sites\/2\/10-pastisseria-18.jpg\" class=\"ct-image\"\/><\/div><div id=\"div_block-5-272xczx\" class=\"ct-div-block\" ><div id=\"text_blockxczx-16-272\" class=\"ct-text-block mida18\" >La distribuci\u00f3n diferencia mucho los espacios de manera que la venta de producto y el servicio de mesas no entren nunca en conflicto<\/div><\/div><\/div>","protected":false},"template":"","meta":{"_acf_changed":false,"inline_featured_image":false,"footnotes":""},"categoria_projecte":[5],"class_list":["post-132","projecte","type-projecte","status-publish","hentry","categoria_projecte-comercio"],"acf":[],"yoast_head":"<!-- This site is optimized with the Yoast SEO plugin v27.5 - https:\/\/yoast.com\/product\/yoast-seo-wordpress\/ -->\n<title>Panader\u00eda\/cafeter\u00eda Marqu\u00e9s - Albert Salvia - Dissenyador d&#039;interiors<\/title>\n<meta name=\"robots\" content=\"index, follow, max-snippet:-1, max-image-preview:large, max-video-preview:-1\" \/>\n<link rel=\"canonical\" href=\"https:\/\/www.albertsalvia.com\/es\/projecte\/pastisseria-marques\/\" \/>\n<meta property=\"og:locale\" content=\"es_ES\" \/>\n<meta property=\"og:type\" content=\"article\" \/>\n<meta property=\"og:title\" content=\"Panader\u00eda\/cafeter\u00eda Marqu\u00e9s - Albert Salvia - Dissenyador d&#039;interiors\" \/>\n<meta property=\"og:url\" content=\"https:\/\/www.albertsalvia.com\/es\/projecte\/pastisseria-marques\/\" \/>\n<meta property=\"og:site_name\" content=\"Albert Salvia\" \/>\n<meta property=\"article:modified_time\" content=\"2022-12-30T16:26:55+00:00\" \/>\n<meta name=\"twitter:card\" content=\"summary_large_image\" \/>\n<script type=\"application\/ld+json\" class=\"yoast-schema-graph\">{\"@context\":\"https:\\\/\\\/schema.org\",\"@graph\":[{\"@type\":\"WebPage\",\"@id\":\"https:\\\/\\\/www.albertsalvia.com\\\/es\\\/projecte\\\/pastisseria-marques\\\/\",\"url\":\"https:\\\/\\\/www.albertsalvia.com\\\/es\\\/projecte\\\/pastisseria-marques\\\/\",\"name\":\"Panader\u00eda\\\/cafeter\u00eda Marqu\u00e9s - Albert Salvia - Dissenyador d&#039;interiors\",\"isPartOf\":{\"@id\":\"https:\\\/\\\/www.albertsalvia.com\\\/es\\\/#website\"},\"datePublished\":\"2022-05-29T18:58:59+00:00\",\"dateModified\":\"2022-12-30T16:26:55+00:00\",\"breadcrumb\":{\"@id\":\"https:\\\/\\\/www.albertsalvia.com\\\/es\\\/projecte\\\/pastisseria-marques\\\/#breadcrumb\"},\"inLanguage\":\"es\",\"potentialAction\":[{\"@type\":\"ReadAction\",\"target\":[\"https:\\\/\\\/www.albertsalvia.com\\\/es\\\/projecte\\\/pastisseria-marques\\\/\"]}]},{\"@type\":\"BreadcrumbList\",\"@id\":\"https:\\\/\\\/www.albertsalvia.com\\\/es\\\/projecte\\\/pastisseria-marques\\\/#breadcrumb\",\"itemListElement\":[{\"@type\":\"ListItem\",\"position\":1,\"name\":\"Portada\",\"item\":\"https:\\\/\\\/www.albertsalvia.com\\\/es\\\/\"},{\"@type\":\"ListItem\",\"position\":2,\"name\":\"Projectes\",\"item\":\"https:\\\/\\\/www.albertsalvia.com\\\/es\\\/projectes\\\/\"},{\"@type\":\"ListItem\",\"position\":3,\"name\":\"Panader\u00eda\\\/cafeter\u00eda Marqu\u00e9s\"}]},{\"@type\":\"WebSite\",\"@id\":\"https:\\\/\\\/www.albertsalvia.com\\\/es\\\/#website\",\"url\":\"https:\\\/\\\/www.albertsalvia.com\\\/es\\\/\",\"name\":\"Albert Salvia\",\"description\":\"Dissenyador d&#039;interiors\",\"potentialAction\":[{\"@type\":\"SearchAction\",\"target\":{\"@type\":\"EntryPoint\",\"urlTemplate\":\"https:\\\/\\\/www.albertsalvia.com\\\/es\\\/?s={search_term_string}\"},\"query-input\":{\"@type\":\"PropertyValueSpecification\",\"valueRequired\":true,\"valueName\":\"search_term_string\"}}],\"inLanguage\":\"es\"}]}<\/script>\n<!-- \/ Yoast SEO plugin. -->","yoast_head_json":{"title":"Panader\u00eda\/cafeter\u00eda Marqu\u00e9s - Albert Salvia - Dissenyador d&#039;interiors","robots":{"index":"index","follow":"follow","max-snippet":"max-snippet:-1","max-image-preview":"max-image-preview:large","max-video-preview":"max-video-preview:-1"},"canonical":"https:\/\/www.albertsalvia.com\/es\/projecte\/pastisseria-marques\/","og_locale":"es_ES","og_type":"article","og_title":"Panader\u00eda\/cafeter\u00eda Marqu\u00e9s - Albert Salvia - Dissenyador d&#039;interiors","og_url":"https:\/\/www.albertsalvia.com\/es\/projecte\/pastisseria-marques\/","og_site_name":"Albert Salvia","article_modified_time":"2022-12-30T16:26:55+00:00","twitter_card":"summary_large_image","schema":{"@context":"https:\/\/schema.org","@graph":[{"@type":"WebPage","@id":"https:\/\/www.albertsalvia.com\/es\/projecte\/pastisseria-marques\/","url":"https:\/\/www.albertsalvia.com\/es\/projecte\/pastisseria-marques\/","name":"Panader\u00eda\/cafeter\u00eda Marqu\u00e9s - Albert Salvia - Dissenyador d&#039;interiors","isPartOf":{"@id":"https:\/\/www.albertsalvia.com\/es\/#website"},"datePublished":"2022-05-29T18:58:59+00:00","dateModified":"2022-12-30T16:26:55+00:00","breadcrumb":{"@id":"https:\/\/www.albertsalvia.com\/es\/projecte\/pastisseria-marques\/#breadcrumb"},"inLanguage":"es","potentialAction":[{"@type":"ReadAction","target":["https:\/\/www.albertsalvia.com\/es\/projecte\/pastisseria-marques\/"]}]},{"@type":"BreadcrumbList","@id":"https:\/\/www.albertsalvia.com\/es\/projecte\/pastisseria-marques\/#breadcrumb","itemListElement":[{"@type":"ListItem","position":1,"name":"Portada","item":"https:\/\/www.albertsalvia.com\/es\/"},{"@type":"ListItem","position":2,"name":"Projectes","item":"https:\/\/www.albertsalvia.com\/es\/projectes\/"},{"@type":"ListItem","position":3,"name":"Panader\u00eda\/cafeter\u00eda Marqu\u00e9s"}]},{"@type":"WebSite","@id":"https:\/\/www.albertsalvia.com\/es\/#website","url":"https:\/\/www.albertsalvia.com\/es\/","name":"Albert Salvia","description":"Dissenyador d&#039;interiors","potentialAction":[{"@type":"SearchAction","target":{"@type":"EntryPoint","urlTemplate":"https:\/\/www.albertsalvia.com\/es\/?s={search_term_string}"},"query-input":{"@type":"PropertyValueSpecification","valueRequired":true,"valueName":"search_term_string"}}],"inLanguage":"es"}]}},"_links":{"self":[{"href":"https:\/\/www.albertsalvia.com\/es\/wp-json\/wp\/v2\/projecte\/132","targetHints":{"allow":["GET"]}}],"collection":[{"href":"https:\/\/www.albertsalvia.com\/es\/wp-json\/wp\/v2\/projecte"}],"about":[{"href":"https:\/\/www.albertsalvia.com\/es\/wp-json\/wp\/v2\/types\/projecte"}],"version-history":[{"count":5,"href":"https:\/\/www.albertsalvia.com\/es\/wp-json\/wp\/v2\/projecte\/132\/revisions"}],"predecessor-version":[{"id":1135,"href":"https:\/\/www.albertsalvia.com\/es\/wp-json\/wp\/v2\/projecte\/132\/revisions\/1135"}],"wp:attachment":[{"href":"https:\/\/www.albertsalvia.com\/es\/wp-json\/wp\/v2\/media?parent=132"}],"wp:term":[{"taxonomy":"categoria_projecte","embeddable":true,"href":"https:\/\/www.albertsalvia.com\/es\/wp-json\/wp\/v2\/categoria_projecte?post=132"}],"curies":[{"name":"wp","href":"https:\/\/api.w.org\/{rel}","templated":true}]}}

Panadería/cafetería Marqués

<div id="div_block-asd2-272" class="ct-div-block separador_blocs_no_peufoto" ><div id="div_blo2casdfasdfak-6-272" class="ct-div-block" ><div id="div_blds3ock-13-272" class="ct-div-block mida25" ><div id="text_bl3d3ock-14-284" class="ct-text-block" ><div>La nueva tienda de Marqués es una pastelería que expresa. Que plasma en la distribución, en sus elementos y materiales los estandartes de esta familia panadera con años de experiencia en la producción y venta de productos de calidad.</div><div><br></div><div>Ampliamente representado está el estandarte de la tradición. Es, en sí, la esencia del proyecto, con la participación de distintos gremios como el carpintero y su mobiliario realizado a medida con acabados manuales; el detalle de las lámparas de distintas dimensiones y colores, manufacturados y encintados una a una desde la proximidad; y por último con la presencia de un mural de baldosa valenciana hecha y pintada a mano con el retrato de los pasteleros de la casa trabajando. Igualmente destacado es el estandarte de la calidad en el producto que se ofrece, por este motivo se ha diseñado un espacio en el que los protagonistas son el pan, los pasteles, la bollería, las cocas, etcétera. Por ese motivo el punto de partida del proyecto fue la búsqueda de la mejor ubicación del expositor del pan. La selección de la gama cromática y de los materiales, hecha con este fin, incorporan la madera de haya, el mármol de Macael, que además de añadir la sensación de proximidad, pone el valor y protagonismo el producto.&nbsp;</div><div><br></div><div>Todo ello enfatizado por una iluminación técnica con una temperatura de color e intensidad que de manera muy discreta refuerza esta intencionalidad.&nbsp;</div></div></div><div id="div_blof2fck-12-272" class="ct-div-block" ><img decoding="async" loading="lazy" id="imagfd3e-7-272" alt="" src="https://www.albertsalvia.com/wp-content/uploads/sites/2/1-pastisseria-11-1.jpg" class="ct-image"/></div></div></div>

<div id="divfdsf3_block-2-272" class="ct-div-block separador_blocs_no_peufoto" ><div id="div_g33gsblock-6-272" class="ct-div-block" ><img decoding="async" loading="lazy" id="image-gg31a7-272" alt="" src="https://www.albertsalvia.com/wp-content/uploads/sites/2/7-pastisseria-20.jpg" class="ct-image"/></div></div>

<div id="d3f3hiv_block-2-272" class="ct-div-block separador_blocs_no_peufoto" ><div id="di7353753v_block-6-272" class="ct-div-block" ><div id="div_blo3753753ck-12-272" class="ct-div-block" ><img decoding="async" loading="lazy" id="image-7-272375375" alt="" src="https://www.albertsalvia.com/wp-content/uploads/sites/2/5-pastisseria-10.jpg" class="ct-image"/></div><div id="div_b3753753lock-13-272" class="ct-div-block" ><img decoding="async" loading="lazy" id="image3753753-8-272" alt="" src="https://www.albertsalvia.com/wp-content/uploads/sites/2/pastisseria-65.jpg" class="ct-image"/></div></div></div>

<div id="f3fddiv_block-2-272" class="ct-div-block separador_blocs_in_proj" ><div id="div_block-f3f116-272" class="ct-div-block" ><img decoding="async" loading="lazy" id="image-7-272rr22ff" alt="" src="https://www.albertsalvia.com/wp-content/uploads/sites/2/15-pastisseria-56.jpg" class="ct-image"/></div><div id="div_block-5-272xczx" class="ct-div-block" ><div id="text_blockxczx-16-272" class="ct-text-block mida18" >La gran transparencia de la fachada invita y muestra y, a su vez, los cuarterones de aluminio negro le dan la calidez del comercio tradicional</div></div></div>

<div id="div_blofsd3ck-2-272" class="ct-div-block separador_blocs_no_peufoto" ><div id="div_block-6-272t3gg" class="ct-div-block" ><div id="div_block-12-272g3rr" class="ct-div-block" ><img decoding="async" loading="lazy" id="image-7-272pop" alt="" src="https://www.albertsalvia.com/wp-content/uploads/sites/2/4-pastisseria-28.jpg" class="ct-image"/></div><div id="div_block-opo13-272" class="ct-div-block mida25" ><div id="text_block-opo14-284" class="ct-text-block" ><div>Por último tenemos el estandarte básico: la selección de una buena materia primera. Desde el interiorismo se manifiesta con la transparencia. Con una fachada sobria -sin elementos que distraigan la atención, con un rótulo conciso, discretamente iluminado y un marco negro -que guía la mirada del transeunte hacia el interior: la cafetería, sus usuarios, el concepto y, especialmente, el producto.&nbsp;</div><div><br></div><div>Finalmente, en el fondo se abre, con toda la intencionalidad, el obrador. Con una amplia carpintería de cuarterones y cristal -iguales a los de la fachada-, con el descaro de quien no tiene nada que esconder, invitando a ver como se acaban de elaborar pasteles, se preparan desayunos, etcétera.</div></div></div></div></div>

<div id="f3fddiv_block-2-272" class="ct-div-block separador_blocs_in_proj" ><div id="div_block-f3f116-272" class="ct-div-block" ><img decoding="async" loading="lazy" id="image-7-272rr22ff" alt="" src="https://www.albertsalvia.com/wp-content/uploads/sites/2/10-pastisseria-18.jpg" class="ct-image"/></div><div id="div_block-5-272xczx" class="ct-div-block" ><div id="text_blockxczx-16-272" class="ct-text-block mida18" >La distribución diferencia mucho los espacios de manera que la venta de producto y el servicio de mesas no entren nunca en conflicto</div></div></div>

<!-- This site is optimized with the Yoast SEO plugin v27.5 - https://yoast.com/product/yoast-seo-wordpress/ -->
<title>Panadería/cafetería Marqués - Albert Salvia - Dissenyador d&#039;interiors</title>
<meta name="robots" content="index, follow, max-snippet:-1, max-image-preview:large, max-video-preview:-1" />
<link rel="canonical" href="https://www.albertsalvia.com/es/projecte/pastisseria-marques/" />
<meta property="og:locale" content="es_ES" />
<meta property="og:type" content="article" />
<meta property="og:title" content="Panadería/cafetería Marqués - Albert Salvia - Dissenyador d&#039;interiors" />
<meta property="og:url" content="https://www.albertsalvia.com/es/projecte/pastisseria-marques/" />
<meta property="og:site_name" content="Albert Salvia" />
<meta property="article:modified_time" content="2022-12-30T16:26:55+00:00" />
<meta name="twitter:card" content="summary_large_image" />
<script type="application/ld+json" class="yoast-schema-graph">{"@context":"https:\/\/schema.org","@graph":[{"@type":"WebPage","@id":"https:\/\/www.albertsalvia.com\/es\/projecte\/pastisseria-marques\/","url":"https:\/\/www.albertsalvia.com\/es\/projecte\/pastisseria-marques\/","name":"Panadería\/cafetería Marqués - Albert Salvia - Dissenyador d&#039;interiors","isPartOf":{"@id":"https:\/\/www.albertsalvia.com\/es\/#website"},"datePublished":"2022-05-29T18:58:59+00:00","dateModified":"2022-12-30T16:26:55+00:00","breadcrumb":{"@id":"https:\/\/www.albertsalvia.com\/es\/projecte\/pastisseria-marques\/#breadcrumb"},"inLanguage":"es","potentialAction":[{"@type":"ReadAction","target":["https:\/\/www.albertsalvia.com\/es\/projecte\/pastisseria-marques\/"]}]},{"@type":"BreadcrumbList","@id":"https:\/\/www.albertsalvia.com\/es\/projecte\/pastisseria-marques\/#breadcrumb","itemListElement":[{"@type":"ListItem","position":1,"name":"Portada","item":"https:\/\/www.albertsalvia.com\/es\/"},{"@type":"ListItem","position":2,"name":"Projectes","item":"https:\/\/www.albertsalvia.com\/es\/projectes\/"},{"@type":"ListItem","position":3,"name":"Panadería\/cafetería Marqués"}]},{"@type":"WebSite","@id":"https:\/\/www.albertsalvia.com\/es\/#website","url":"https:\/\/www.albertsalvia.com\/es\/","name":"Albert Salvia","description":"Dissenyador d&#039;interiors","potentialAction":[{"@type":"SearchAction","target":{"@type":"EntryPoint","urlTemplate":"https:\/\/www.albertsalvia.com\/es\/?s={search_term_string}"},"query-input":{"@type":"PropertyValueSpecification","valueRequired":true,"valueName":"search_term_string"}}],"inLanguage":"es"}]}</script>
<!-- / Yoast SEO plugin. -->

Panadería/cafetería Marqués - Albert Salvia - Dissenyador d&#039;interiors
