{"id":220,"date":"2022-03-08T10:51:00","date_gmt":"2022-03-08T09:51:00","guid":{"rendered":"https:\/\/www.albertsalvia.com\/?post_type=projecte&#038;p=220"},"modified":"2022-12-30T16:53:00","modified_gmt":"2022-12-30T15:53:00","slug":"golfes-beb","status":"publish","type":"projecte","link":"https:\/\/www.albertsalvia.com\/es\/projecte\/golfes-beb\/","title":{"rendered":"Buhardilla BEB"},"content":{"rendered":"<div id=\"d3f3hiv_block-2-272\" class=\"ct-div-block separador_blocs_no_peufoto\" ><div id=\"di7353753v_block-6-272\" class=\"ct-div-block\" ><div id=\"div_blo3753753ck-12-272\" class=\"ct-div-block\" ><img decoding=\"async\" loading=\"lazy\" id=\"image-7-272375375\" alt=\"\" src=\"https:\/\/www.albertsalvia.com\/wp-content\/uploads\/sites\/2\/w2-mg-4181.jpg\" class=\"ct-image\"\/><\/div><div id=\"div_b3753753lock-13-272\" class=\"ct-div-block\" ><img decoding=\"async\" loading=\"lazy\" id=\"image3753753-8-272\" alt=\"\" src=\"https:\/\/www.albertsalvia.com\/wp-content\/uploads\/sites\/2\/w2-mg-4098.jpg\" class=\"ct-image\"\/><\/div><\/div><\/div>\n\n<div id=\"div_blofsd3ck-2-272\" class=\"ct-div-block separador_blocs_no_peufoto\" ><div id=\"div_block-6-272t3gg\" class=\"ct-div-block\" ><div id=\"div_block-12-272g3rr\" class=\"ct-div-block\" ><img decoding=\"async\" loading=\"lazy\" id=\"image-7-272pop\" alt=\"\" src=\"https:\/\/www.albertsalvia.com\/wp-content\/uploads\/sites\/2\/w2-mg-4201-1.jpg\" class=\"ct-image\"\/><\/div><div id=\"div_block-opo13-272\" class=\"ct-div-block mida25\" ><div id=\"text_block-opo14-284\" class=\"ct-text-block\" ><div>Adecuaci\u00f3n de espacio bajocubierta de una casa unifamiliar adosada para un peque\u00f1o ba\u00f1o, una lavander\u00eda y un espacio para el ocio y el trabajo en el que se prioriza el almacenaje de libros y archivos.<\/div><div><br><\/div><div>El proyecto ampl\u00eda al m\u00e1ximo la zona de estar y trabajo m\u00f3dulos adecuados a las necesidades de los usuarios: cajones para objetos grandes y peque\u00f1os, archivadores, televisor y baldas. Con el fin de aumentar el espacio de trabajo sin sacrificar almac\u00e9n es posible extraer los cajones con ruedas con el fin de obtener un pr\u00e1ctico y generoso espacio de mesa.&nbsp;<\/div><div><br><\/div><div>Adem\u00e1s de su uso, se ha buscado reflejar el car\u00e1cter de sus habitantes, muy activos y amantes de disfrutar de los espacios de casa, con una gama crom\u00e1tica muy viva, materiales naturales, acabados funcionales para el d\u00eda a d\u00eda sobre una base blanca, muy neutra, que aporta mucha luminosidad.<\/div><\/div><\/div><\/div><\/div>\n\n<div id=\"f3fddiv_block-2-272\" class=\"ct-div-block separador_blocs_in_proj\" ><div id=\"div_block-f3f116-272\" class=\"ct-div-block\" ><img decoding=\"async\" loading=\"lazy\" id=\"image-7-272rr22ff\" alt=\"\" src=\"https:\/\/www.albertsalvia.com\/wp-content\/uploads\/sites\/2\/w2-joc-de-quatre-copia.jpg\" class=\"ct-image\"\/><\/div><div id=\"div_block-5-272xczx\" class=\"ct-div-block\" ><div id=\"text_blockxczx-16-272\" class=\"ct-text-block mida18\" >El gran mueble alberga tanto un gran espacio de almacenaje, como una amplia mesa e incluso para el televisor<\/div><\/div><\/div>\n\n<div id=\"d3f3hiv_block-2-272\" class=\"ct-div-block separador_blocs_no_peufoto\" ><div id=\"di7353753v_block-6-272\" class=\"ct-div-block\" ><div id=\"div_blo3753753ck-12-272\" class=\"ct-div-block\" ><img decoding=\"async\" loading=\"lazy\" id=\"image-7-272375375\" alt=\"\" src=\"https:\/\/www.albertsalvia.com\/wp-content\/uploads\/sites\/2\/w2-mg-4212-1.jpg\" class=\"ct-image\"\/><\/div><div id=\"div_b3753753lock-13-272\" class=\"ct-div-block\" ><img decoding=\"async\" loading=\"lazy\" id=\"image3753753-8-272\" alt=\"\" src=\"https:\/\/www.albertsalvia.com\/wp-content\/uploads\/sites\/2\/w2-mg-4095.jpg\" class=\"ct-image\"\/><\/div><\/div><\/div>\n\n<div id=\"f3fddiv_block-2-272\" class=\"ct-div-block separador_blocs_in_proj\" ><div id=\"div_block-f3f116-272\" class=\"ct-div-block\" ><img decoding=\"async\" loading=\"lazy\" id=\"image-7-272rr22ff\" alt=\"\" src=\"https:\/\/www.albertsalvia.com\/wp-content\/uploads\/sites\/2\/w2-mg-4120.jpg\" class=\"ct-image\"\/><\/div><div id=\"div_block-5-272xczx\" class=\"ct-div-block\" ><div id=\"text_blockxczx-16-272\" class=\"ct-text-block mida18\" >Una puerta de cristal al \u00e1cido separa la zona de limpieza del espacio principal multifucional<\/div><\/div><\/div>\n\n<div id=\"divfdsf3_block-2-272\" class=\"ct-div-block separador_blocs_no_peufoto\" ><div id=\"div_g33gsblock-6-272\" class=\"ct-div-block\" ><img decoding=\"async\" loading=\"lazy\" id=\"image-gg31a7-272\" alt=\"\" src=\"https:\/\/www.albertsalvia.com\/wp-content\/uploads\/sites\/2\/w2-mg-4134.jpg\" class=\"ct-image\"\/><\/div><\/div>","protected":false},"template":"","meta":{"_acf_changed":false,"inline_featured_image":false,"footnotes":""},"categoria_projecte":[3],"class_list":["post-220","projecte","type-projecte","status-publish","hentry","categoria_projecte-residencial"],"acf":[],"yoast_head":"<!-- This site is optimized with the Yoast SEO plugin v27.5 - https:\/\/yoast.com\/product\/yoast-seo-wordpress\/ -->\n<title>Buhardilla BEB - Albert Salvia - Dissenyador d&#039;interiors<\/title>\n<meta name=\"robots\" content=\"index, follow, max-snippet:-1, max-image-preview:large, max-video-preview:-1\" \/>\n<link rel=\"canonical\" href=\"https:\/\/www.albertsalvia.com\/es\/projecte\/golfes-beb\/\" \/>\n<meta property=\"og:locale\" content=\"es_ES\" \/>\n<meta property=\"og:type\" content=\"article\" \/>\n<meta property=\"og:title\" content=\"Buhardilla BEB - Albert Salvia - Dissenyador d&#039;interiors\" \/>\n<meta property=\"og:url\" content=\"https:\/\/www.albertsalvia.com\/es\/projecte\/golfes-beb\/\" \/>\n<meta property=\"og:site_name\" content=\"Albert Salvia\" \/>\n<meta property=\"article:modified_time\" content=\"2022-12-30T15:53:00+00:00\" \/>\n<meta name=\"twitter:card\" content=\"summary_large_image\" \/>\n<script type=\"application\/ld+json\" class=\"yoast-schema-graph\">{\"@context\":\"https:\\\/\\\/schema.org\",\"@graph\":[{\"@type\":\"WebPage\",\"@id\":\"https:\\\/\\\/www.albertsalvia.com\\\/es\\\/projecte\\\/golfes-beb\\\/\",\"url\":\"https:\\\/\\\/www.albertsalvia.com\\\/es\\\/projecte\\\/golfes-beb\\\/\",\"name\":\"Buhardilla BEB - Albert Salvia - Dissenyador d&#039;interiors\",\"isPartOf\":{\"@id\":\"https:\\\/\\\/www.albertsalvia.com\\\/es\\\/#website\"},\"datePublished\":\"2022-03-08T09:51:00+00:00\",\"dateModified\":\"2022-12-30T15:53:00+00:00\",\"breadcrumb\":{\"@id\":\"https:\\\/\\\/www.albertsalvia.com\\\/es\\\/projecte\\\/golfes-beb\\\/#breadcrumb\"},\"inLanguage\":\"es\",\"potentialAction\":[{\"@type\":\"ReadAction\",\"target\":[\"https:\\\/\\\/www.albertsalvia.com\\\/es\\\/projecte\\\/golfes-beb\\\/\"]}]},{\"@type\":\"BreadcrumbList\",\"@id\":\"https:\\\/\\\/www.albertsalvia.com\\\/es\\\/projecte\\\/golfes-beb\\\/#breadcrumb\",\"itemListElement\":[{\"@type\":\"ListItem\",\"position\":1,\"name\":\"Portada\",\"item\":\"https:\\\/\\\/www.albertsalvia.com\\\/es\\\/\"},{\"@type\":\"ListItem\",\"position\":2,\"name\":\"Projectes\",\"item\":\"https:\\\/\\\/www.albertsalvia.com\\\/es\\\/projectes\\\/\"},{\"@type\":\"ListItem\",\"position\":3,\"name\":\"Buhardilla BEB\"}]},{\"@type\":\"WebSite\",\"@id\":\"https:\\\/\\\/www.albertsalvia.com\\\/es\\\/#website\",\"url\":\"https:\\\/\\\/www.albertsalvia.com\\\/es\\\/\",\"name\":\"Albert Salvia\",\"description\":\"Dissenyador d&#039;interiors\",\"potentialAction\":[{\"@type\":\"SearchAction\",\"target\":{\"@type\":\"EntryPoint\",\"urlTemplate\":\"https:\\\/\\\/www.albertsalvia.com\\\/es\\\/?s={search_term_string}\"},\"query-input\":{\"@type\":\"PropertyValueSpecification\",\"valueRequired\":true,\"valueName\":\"search_term_string\"}}],\"inLanguage\":\"es\"}]}<\/script>\n<!-- \/ Yoast SEO plugin. -->","yoast_head_json":{"title":"Buhardilla BEB - Albert Salvia - Dissenyador d&#039;interiors","robots":{"index":"index","follow":"follow","max-snippet":"max-snippet:-1","max-image-preview":"max-image-preview:large","max-video-preview":"max-video-preview:-1"},"canonical":"https:\/\/www.albertsalvia.com\/es\/projecte\/golfes-beb\/","og_locale":"es_ES","og_type":"article","og_title":"Buhardilla BEB - Albert Salvia - Dissenyador d&#039;interiors","og_url":"https:\/\/www.albertsalvia.com\/es\/projecte\/golfes-beb\/","og_site_name":"Albert Salvia","article_modified_time":"2022-12-30T15:53:00+00:00","twitter_card":"summary_large_image","schema":{"@context":"https:\/\/schema.org","@graph":[{"@type":"WebPage","@id":"https:\/\/www.albertsalvia.com\/es\/projecte\/golfes-beb\/","url":"https:\/\/www.albertsalvia.com\/es\/projecte\/golfes-beb\/","name":"Buhardilla BEB - Albert Salvia - Dissenyador d&#039;interiors","isPartOf":{"@id":"https:\/\/www.albertsalvia.com\/es\/#website"},"datePublished":"2022-03-08T09:51:00+00:00","dateModified":"2022-12-30T15:53:00+00:00","breadcrumb":{"@id":"https:\/\/www.albertsalvia.com\/es\/projecte\/golfes-beb\/#breadcrumb"},"inLanguage":"es","potentialAction":[{"@type":"ReadAction","target":["https:\/\/www.albertsalvia.com\/es\/projecte\/golfes-beb\/"]}]},{"@type":"BreadcrumbList","@id":"https:\/\/www.albertsalvia.com\/es\/projecte\/golfes-beb\/#breadcrumb","itemListElement":[{"@type":"ListItem","position":1,"name":"Portada","item":"https:\/\/www.albertsalvia.com\/es\/"},{"@type":"ListItem","position":2,"name":"Projectes","item":"https:\/\/www.albertsalvia.com\/es\/projectes\/"},{"@type":"ListItem","position":3,"name":"Buhardilla BEB"}]},{"@type":"WebSite","@id":"https:\/\/www.albertsalvia.com\/es\/#website","url":"https:\/\/www.albertsalvia.com\/es\/","name":"Albert Salvia","description":"Dissenyador d&#039;interiors","potentialAction":[{"@type":"SearchAction","target":{"@type":"EntryPoint","urlTemplate":"https:\/\/www.albertsalvia.com\/es\/?s={search_term_string}"},"query-input":{"@type":"PropertyValueSpecification","valueRequired":true,"valueName":"search_term_string"}}],"inLanguage":"es"}]}},"_links":{"self":[{"href":"https:\/\/www.albertsalvia.com\/es\/wp-json\/wp\/v2\/projecte\/220","targetHints":{"allow":["GET"]}}],"collection":[{"href":"https:\/\/www.albertsalvia.com\/es\/wp-json\/wp\/v2\/projecte"}],"about":[{"href":"https:\/\/www.albertsalvia.com\/es\/wp-json\/wp\/v2\/types\/projecte"}],"version-history":[{"count":6,"href":"https:\/\/www.albertsalvia.com\/es\/wp-json\/wp\/v2\/projecte\/220\/revisions"}],"predecessor-version":[{"id":1107,"href":"https:\/\/www.albertsalvia.com\/es\/wp-json\/wp\/v2\/projecte\/220\/revisions\/1107"}],"wp:attachment":[{"href":"https:\/\/www.albertsalvia.com\/es\/wp-json\/wp\/v2\/media?parent=220"}],"wp:term":[{"taxonomy":"categoria_projecte","embeddable":true,"href":"https:\/\/www.albertsalvia.com\/es\/wp-json\/wp\/v2\/categoria_projecte?post=220"}],"curies":[{"name":"wp","href":"https:\/\/api.w.org\/{rel}","templated":true}]}}

<div id="d3f3hiv_block-2-272" class="ct-div-block separador_blocs_no_peufoto" ><div id="di7353753v_block-6-272" class="ct-div-block" ><div id="div_blo3753753ck-12-272" class="ct-div-block" ><img decoding="async" loading="lazy" id="image-7-272375375" alt="" src="https://www.albertsalvia.com/wp-content/uploads/sites/2/w2-mg-4181.jpg" class="ct-image"/></div><div id="div_b3753753lock-13-272" class="ct-div-block" ><img decoding="async" loading="lazy" id="image3753753-8-272" alt="" src="https://www.albertsalvia.com/wp-content/uploads/sites/2/w2-mg-4098.jpg" class="ct-image"/></div></div></div>

<div id="div_blofsd3ck-2-272" class="ct-div-block separador_blocs_no_peufoto" ><div id="div_block-6-272t3gg" class="ct-div-block" ><div id="div_block-12-272g3rr" class="ct-div-block" ><img decoding="async" loading="lazy" id="image-7-272pop" alt="" src="https://www.albertsalvia.com/wp-content/uploads/sites/2/w2-mg-4201-1.jpg" class="ct-image"/></div><div id="div_block-opo13-272" class="ct-div-block mida25" ><div id="text_block-opo14-284" class="ct-text-block" ><div>Adecuación de espacio bajocubierta de una casa unifamiliar adosada para un pequeño baño, una lavandería y un espacio para el ocio y el trabajo en el que se prioriza el almacenaje de libros y archivos.</div><div><br></div><div>El proyecto amplía al máximo la zona de estar y trabajo módulos adecuados a las necesidades de los usuarios: cajones para objetos grandes y pequeños, archivadores, televisor y baldas. Con el fin de aumentar el espacio de trabajo sin sacrificar almacén es posible extraer los cajones con ruedas con el fin de obtener un práctico y generoso espacio de mesa.&nbsp;</div><div><br></div><div>Además de su uso, se ha buscado reflejar el carácter de sus habitantes, muy activos y amantes de disfrutar de los espacios de casa, con una gama cromática muy viva, materiales naturales, acabados funcionales para el día a día sobre una base blanca, muy neutra, que aporta mucha luminosidad.</div></div></div></div></div>

<div id="f3fddiv_block-2-272" class="ct-div-block separador_blocs_in_proj" ><div id="div_block-f3f116-272" class="ct-div-block" ><img decoding="async" loading="lazy" id="image-7-272rr22ff" alt="" src="https://www.albertsalvia.com/wp-content/uploads/sites/2/w2-joc-de-quatre-copia.jpg" class="ct-image"/></div><div id="div_block-5-272xczx" class="ct-div-block" ><div id="text_blockxczx-16-272" class="ct-text-block mida18" >El gran mueble alberga tanto un gran espacio de almacenaje, como una amplia mesa e incluso para el televisor</div></div></div>

<div id="d3f3hiv_block-2-272" class="ct-div-block separador_blocs_no_peufoto" ><div id="di7353753v_block-6-272" class="ct-div-block" ><div id="div_blo3753753ck-12-272" class="ct-div-block" ><img decoding="async" loading="lazy" id="image-7-272375375" alt="" src="https://www.albertsalvia.com/wp-content/uploads/sites/2/w2-mg-4212-1.jpg" class="ct-image"/></div><div id="div_b3753753lock-13-272" class="ct-div-block" ><img decoding="async" loading="lazy" id="image3753753-8-272" alt="" src="https://www.albertsalvia.com/wp-content/uploads/sites/2/w2-mg-4095.jpg" class="ct-image"/></div></div></div>

<div id="f3fddiv_block-2-272" class="ct-div-block separador_blocs_in_proj" ><div id="div_block-f3f116-272" class="ct-div-block" ><img decoding="async" loading="lazy" id="image-7-272rr22ff" alt="" src="https://www.albertsalvia.com/wp-content/uploads/sites/2/w2-mg-4120.jpg" class="ct-image"/></div><div id="div_block-5-272xczx" class="ct-div-block" ><div id="text_blockxczx-16-272" class="ct-text-block mida18" >Una puerta de cristal al ácido separa la zona de limpieza del espacio principal multifucional</div></div></div>

<div id="divfdsf3_block-2-272" class="ct-div-block separador_blocs_no_peufoto" ><div id="div_g33gsblock-6-272" class="ct-div-block" ><img decoding="async" loading="lazy" id="image-gg31a7-272" alt="" src="https://www.albertsalvia.com/wp-content/uploads/sites/2/w2-mg-4134.jpg" class="ct-image"/></div></div>
