{"id":233,"date":"2022-04-11T10:54:00","date_gmt":"2022-04-11T08:54:00","guid":{"rendered":"https:\/\/www.albertsalvia.com\/?post_type=projecte&#038;p=233"},"modified":"2022-12-30T17:04:32","modified_gmt":"2022-12-30T16:04:32","slug":"terrassa-del-beat","status":"publish","type":"projecte","link":"https:\/\/www.albertsalvia.com\/es\/projecte\/terrassa-del-beat\/","title":{"rendered":"Terraza del Beat"},"content":{"rendered":"<div id=\"divfdsf3_block-2-272\" class=\"ct-div-block separador_blocs_no_peufoto\" ><div id=\"div_g33gsblock-6-272\" class=\"ct-div-block\" ><img decoding=\"async\" loading=\"lazy\" id=\"image-gg31a7-272\" alt=\"\" src=\"https:\/\/www.albertsalvia.com\/wp-content\/uploads\/sites\/2\/w2-mg-4208.jpg\" class=\"ct-image\"\/><\/div><\/div>\n\n<div id=\"div_blofsd3ck-2-272\" class=\"ct-div-block separador_blocs_no_peufoto\" ><div id=\"div_block-6-272t3gg\" class=\"ct-div-block\" ><div id=\"div_block-12-272g3rr\" class=\"ct-div-block\" ><img decoding=\"async\" loading=\"lazy\" id=\"image-7-272pop\" alt=\"\" src=\"https:\/\/www.albertsalvia.com\/wp-content\/uploads\/sites\/2\/w2-mg-4189.jpg\" class=\"ct-image\"\/><\/div><div id=\"div_block-opo13-272\" class=\"ct-div-block mida25\" ><div id=\"text_block-opo14-284\" class=\"ct-text-block\" >Esta intervenci\u00f3n es la cerecita del pastel de la cafeter\u00eda Beat Caf\u00e8 &amp; Soul. Un nuevo espacio exterior que ocupa tota la fachada del local.<div><br><\/div><div>En ella se repiten algunas de las premisas de dicha cafeter\u00eda: est\u00e9tica elegante, sobria de colores y con un punto urbano; un esmero en el trabajo de las texturas con la combinaci\u00f3n de materiales como la madera de iroko, la chapa microperforada pintada de negro; la participaci\u00f3n en el dise\u00f1o gr\u00e1fico del estudio Latipo; y la creaci\u00f3n de peque\u00f1os rincones, a trav\u00e9s de la disposici\u00f3n de los bancos en U, y muchos tipos de sentada en bancos, sillas y butacones de mimbre negro.<\/div><div><br><\/div><\/div><\/div><\/div><\/div>\n\n<div id=\"f3fddiv_block-2-272\" class=\"ct-div-block separador_blocs_in_proj\" ><div id=\"div_block-f3f116-272\" class=\"ct-div-block\" ><img decoding=\"async\" loading=\"lazy\" id=\"image-7-272rr22ff\" alt=\"\" src=\"https:\/\/www.albertsalvia.com\/wp-content\/uploads\/sites\/2\/w2-mg-4198.jpg\" class=\"ct-image\"\/><\/div><div id=\"div_block-5-272xczx\" class=\"ct-div-block\" ><div id=\"text_blockxczx-16-272\" class=\"ct-text-block mida18\" >A pesar de estar a pie de calle, la separaci\u00f3n de madera y hierro dan a la estructura una sensaci\u00f3n de tranquilidad y aislamiento<\/div><\/div><\/div>\n\n<div id=\"d3f3hiv_block-2-272\" class=\"ct-div-block separador_blocs_no_peufoto\" ><div id=\"di7353753v_block-6-272\" class=\"ct-div-block\" ><div id=\"div_blo3753753ck-12-272\" class=\"ct-div-block\" ><img decoding=\"async\" loading=\"lazy\" id=\"image-7-272375375\" alt=\"\" src=\"https:\/\/www.albertsalvia.com\/wp-content\/uploads\/sites\/2\/w2-mg-4193.jpg\" class=\"ct-image\"\/><\/div><div id=\"div_b3753753lock-13-272\" class=\"ct-div-block\" ><img decoding=\"async\" loading=\"lazy\" id=\"image3753753-8-272\" alt=\"\" src=\"https:\/\/www.albertsalvia.com\/wp-content\/uploads\/sites\/2\/w2-mg-4194.jpg\" class=\"ct-image\"\/><\/div><\/div><\/div>","protected":false},"template":"","meta":{"_acf_changed":false,"inline_featured_image":false,"footnotes":""},"categoria_projecte":[4],"class_list":["post-233","projecte","type-projecte","status-publish","hentry","categoria_projecte-hostaleria"],"acf":[],"yoast_head":"<!-- This site is optimized with the Yoast SEO plugin v27.5 - https:\/\/yoast.com\/product\/yoast-seo-wordpress\/ -->\n<title>Terraza del Beat - Albert Salvia - Dissenyador d&#039;interiors<\/title>\n<meta name=\"robots\" content=\"index, follow, max-snippet:-1, max-image-preview:large, max-video-preview:-1\" \/>\n<link rel=\"canonical\" href=\"https:\/\/www.albertsalvia.com\/es\/projecte\/terrassa-del-beat\/\" \/>\n<meta property=\"og:locale\" content=\"es_ES\" \/>\n<meta property=\"og:type\" content=\"article\" \/>\n<meta property=\"og:title\" content=\"Terraza del Beat - Albert Salvia - Dissenyador d&#039;interiors\" \/>\n<meta property=\"og:url\" content=\"https:\/\/www.albertsalvia.com\/es\/projecte\/terrassa-del-beat\/\" \/>\n<meta property=\"og:site_name\" content=\"Albert Salvia\" \/>\n<meta property=\"article:modified_time\" content=\"2022-12-30T16:04:32+00:00\" \/>\n<meta name=\"twitter:card\" content=\"summary_large_image\" \/>\n<script type=\"application\/ld+json\" class=\"yoast-schema-graph\">{\"@context\":\"https:\\\/\\\/schema.org\",\"@graph\":[{\"@type\":\"WebPage\",\"@id\":\"https:\\\/\\\/www.albertsalvia.com\\\/es\\\/projecte\\\/terrassa-del-beat\\\/\",\"url\":\"https:\\\/\\\/www.albertsalvia.com\\\/es\\\/projecte\\\/terrassa-del-beat\\\/\",\"name\":\"Terraza del Beat - Albert Salvia - Dissenyador d&#039;interiors\",\"isPartOf\":{\"@id\":\"https:\\\/\\\/www.albertsalvia.com\\\/es\\\/#website\"},\"datePublished\":\"2022-04-11T08:54:00+00:00\",\"dateModified\":\"2022-12-30T16:04:32+00:00\",\"breadcrumb\":{\"@id\":\"https:\\\/\\\/www.albertsalvia.com\\\/es\\\/projecte\\\/terrassa-del-beat\\\/#breadcrumb\"},\"inLanguage\":\"es\",\"potentialAction\":[{\"@type\":\"ReadAction\",\"target\":[\"https:\\\/\\\/www.albertsalvia.com\\\/es\\\/projecte\\\/terrassa-del-beat\\\/\"]}]},{\"@type\":\"BreadcrumbList\",\"@id\":\"https:\\\/\\\/www.albertsalvia.com\\\/es\\\/projecte\\\/terrassa-del-beat\\\/#breadcrumb\",\"itemListElement\":[{\"@type\":\"ListItem\",\"position\":1,\"name\":\"Portada\",\"item\":\"https:\\\/\\\/www.albertsalvia.com\\\/es\\\/\"},{\"@type\":\"ListItem\",\"position\":2,\"name\":\"Projectes\",\"item\":\"https:\\\/\\\/www.albertsalvia.com\\\/es\\\/projectes\\\/\"},{\"@type\":\"ListItem\",\"position\":3,\"name\":\"Terraza del Beat\"}]},{\"@type\":\"WebSite\",\"@id\":\"https:\\\/\\\/www.albertsalvia.com\\\/es\\\/#website\",\"url\":\"https:\\\/\\\/www.albertsalvia.com\\\/es\\\/\",\"name\":\"Albert Salvia\",\"description\":\"Dissenyador d&#039;interiors\",\"potentialAction\":[{\"@type\":\"SearchAction\",\"target\":{\"@type\":\"EntryPoint\",\"urlTemplate\":\"https:\\\/\\\/www.albertsalvia.com\\\/es\\\/?s={search_term_string}\"},\"query-input\":{\"@type\":\"PropertyValueSpecification\",\"valueRequired\":true,\"valueName\":\"search_term_string\"}}],\"inLanguage\":\"es\"}]}<\/script>\n<!-- \/ Yoast SEO plugin. -->","yoast_head_json":{"title":"Terraza del Beat - Albert Salvia - Dissenyador d&#039;interiors","robots":{"index":"index","follow":"follow","max-snippet":"max-snippet:-1","max-image-preview":"max-image-preview:large","max-video-preview":"max-video-preview:-1"},"canonical":"https:\/\/www.albertsalvia.com\/es\/projecte\/terrassa-del-beat\/","og_locale":"es_ES","og_type":"article","og_title":"Terraza del Beat - Albert Salvia - Dissenyador d&#039;interiors","og_url":"https:\/\/www.albertsalvia.com\/es\/projecte\/terrassa-del-beat\/","og_site_name":"Albert Salvia","article_modified_time":"2022-12-30T16:04:32+00:00","twitter_card":"summary_large_image","schema":{"@context":"https:\/\/schema.org","@graph":[{"@type":"WebPage","@id":"https:\/\/www.albertsalvia.com\/es\/projecte\/terrassa-del-beat\/","url":"https:\/\/www.albertsalvia.com\/es\/projecte\/terrassa-del-beat\/","name":"Terraza del Beat - Albert Salvia - Dissenyador d&#039;interiors","isPartOf":{"@id":"https:\/\/www.albertsalvia.com\/es\/#website"},"datePublished":"2022-04-11T08:54:00+00:00","dateModified":"2022-12-30T16:04:32+00:00","breadcrumb":{"@id":"https:\/\/www.albertsalvia.com\/es\/projecte\/terrassa-del-beat\/#breadcrumb"},"inLanguage":"es","potentialAction":[{"@type":"ReadAction","target":["https:\/\/www.albertsalvia.com\/es\/projecte\/terrassa-del-beat\/"]}]},{"@type":"BreadcrumbList","@id":"https:\/\/www.albertsalvia.com\/es\/projecte\/terrassa-del-beat\/#breadcrumb","itemListElement":[{"@type":"ListItem","position":1,"name":"Portada","item":"https:\/\/www.albertsalvia.com\/es\/"},{"@type":"ListItem","position":2,"name":"Projectes","item":"https:\/\/www.albertsalvia.com\/es\/projectes\/"},{"@type":"ListItem","position":3,"name":"Terraza del Beat"}]},{"@type":"WebSite","@id":"https:\/\/www.albertsalvia.com\/es\/#website","url":"https:\/\/www.albertsalvia.com\/es\/","name":"Albert Salvia","description":"Dissenyador d&#039;interiors","potentialAction":[{"@type":"SearchAction","target":{"@type":"EntryPoint","urlTemplate":"https:\/\/www.albertsalvia.com\/es\/?s={search_term_string}"},"query-input":{"@type":"PropertyValueSpecification","valueRequired":true,"valueName":"search_term_string"}}],"inLanguage":"es"}]}},"_links":{"self":[{"href":"https:\/\/www.albertsalvia.com\/es\/wp-json\/wp\/v2\/projecte\/233","targetHints":{"allow":["GET"]}}],"collection":[{"href":"https:\/\/www.albertsalvia.com\/es\/wp-json\/wp\/v2\/projecte"}],"about":[{"href":"https:\/\/www.albertsalvia.com\/es\/wp-json\/wp\/v2\/types\/projecte"}],"version-history":[{"count":6,"href":"https:\/\/www.albertsalvia.com\/es\/wp-json\/wp\/v2\/projecte\/233\/revisions"}],"predecessor-version":[{"id":1113,"href":"https:\/\/www.albertsalvia.com\/es\/wp-json\/wp\/v2\/projecte\/233\/revisions\/1113"}],"wp:attachment":[{"href":"https:\/\/www.albertsalvia.com\/es\/wp-json\/wp\/v2\/media?parent=233"}],"wp:term":[{"taxonomy":"categoria_projecte","embeddable":true,"href":"https:\/\/www.albertsalvia.com\/es\/wp-json\/wp\/v2\/categoria_projecte?post=233"}],"curies":[{"name":"wp","href":"https:\/\/api.w.org\/{rel}","templated":true}]}}

<div id="divfdsf3_block-2-272" class="ct-div-block separador_blocs_no_peufoto" ><div id="div_g33gsblock-6-272" class="ct-div-block" ><img decoding="async" loading="lazy" id="image-gg31a7-272" alt="" src="https://www.albertsalvia.com/wp-content/uploads/sites/2/w2-mg-4208.jpg" class="ct-image"/></div></div>

<div id="div_blofsd3ck-2-272" class="ct-div-block separador_blocs_no_peufoto" ><div id="div_block-6-272t3gg" class="ct-div-block" ><div id="div_block-12-272g3rr" class="ct-div-block" ><img decoding="async" loading="lazy" id="image-7-272pop" alt="" src="https://www.albertsalvia.com/wp-content/uploads/sites/2/w2-mg-4189.jpg" class="ct-image"/></div><div id="div_block-opo13-272" class="ct-div-block mida25" ><div id="text_block-opo14-284" class="ct-text-block" >Esta intervención es la cerecita del pastel de la cafetería Beat Cafè &amp; Soul. Un nuevo espacio exterior que ocupa tota la fachada del local.<div><br></div><div>En ella se repiten algunas de las premisas de dicha cafetería: estética elegante, sobria de colores y con un punto urbano; un esmero en el trabajo de las texturas con la combinación de materiales como la madera de iroko, la chapa microperforada pintada de negro; la participación en el diseño gráfico del estudio Latipo; y la creación de pequeños rincones, a través de la disposición de los bancos en U, y muchos tipos de sentada en bancos, sillas y butacones de mimbre negro.</div><div><br></div></div></div></div></div>

<div id="f3fddiv_block-2-272" class="ct-div-block separador_blocs_in_proj" ><div id="div_block-f3f116-272" class="ct-div-block" ><img decoding="async" loading="lazy" id="image-7-272rr22ff" alt="" src="https://www.albertsalvia.com/wp-content/uploads/sites/2/w2-mg-4198.jpg" class="ct-image"/></div><div id="div_block-5-272xczx" class="ct-div-block" ><div id="text_blockxczx-16-272" class="ct-text-block mida18" >A pesar de estar a pie de calle, la separación de madera y hierro dan a la estructura una sensación de tranquilidad y aislamiento</div></div></div>

<div id="d3f3hiv_block-2-272" class="ct-div-block separador_blocs_no_peufoto" ><div id="di7353753v_block-6-272" class="ct-div-block" ><div id="div_blo3753753ck-12-272" class="ct-div-block" ><img decoding="async" loading="lazy" id="image-7-272375375" alt="" src="https://www.albertsalvia.com/wp-content/uploads/sites/2/w2-mg-4193.jpg" class="ct-image"/></div><div id="div_b3753753lock-13-272" class="ct-div-block" ><img decoding="async" loading="lazy" id="image3753753-8-272" alt="" src="https://www.albertsalvia.com/wp-content/uploads/sites/2/w2-mg-4194.jpg" class="ct-image"/></div></div></div>
