{"id":239,"date":"2022-05-10T10:55:00","date_gmt":"2022-05-10T08:55:00","guid":{"rendered":"https:\/\/www.albertsalvia.com\/?post_type=projecte&#038;p=239"},"modified":"2022-12-30T17:06:56","modified_gmt":"2022-12-30T16:06:56","slug":"delares","status":"publish","type":"projecte","link":"https:\/\/www.albertsalvia.com\/es\/projecte\/delares\/","title":{"rendered":"Tienda Delares"},"content":{"rendered":"<div id=\"div_blnmjock-2-272\" class=\"ct-div-block separador_blocs_in_proj\" ><div id=\"div_blohjkhck-6-272\" class=\"ct-div-block\" ><div id=\"div_block7kk-12-272\" class=\"ct-div-block\" ><img decoding=\"async\" loading=\"lazy\" id=\"image-7k7kg-272\" alt=\"\" src=\"https:\/\/www.albertsalvia.com\/wp-content\/uploads\/sites\/2\/w2-0-mg-5604.jpg\" class=\"ct-image\"\/><\/div><div id=\"div_kg6kblock-13-272\" class=\"ct-div-block\" ><img decoding=\"async\" loading=\"lazy\" id=\"image-8-272l7l\" alt=\"\" src=\"https:\/\/www.albertsalvia.com\/wp-content\/uploads\/sites\/2\/w2-0-mg-5539.jpg\" class=\"ct-image\"\/><\/div><\/div><div id=\"div_block-5-272l66l\" class=\"ct-div-block\" ><div id=\"text_block-16-272k55h\" class=\"ct-text-block mida18\" >La composici\u00f3n del centro de la tienda puede variar completamente en funci\u00f3n de las necesidades de cada momento y temporada<\/div><\/div><\/div>\n\n<div id=\"div_blofsd3ck-2-272\" class=\"ct-div-block separador_blocs_no_peufoto\" ><div id=\"div_block-6-272t3gg\" class=\"ct-div-block\" ><div id=\"div_block-12-272g3rr\" class=\"ct-div-block\" ><img decoding=\"async\" loading=\"lazy\" id=\"image-7-272pop\" alt=\"\" src=\"https:\/\/www.albertsalvia.com\/wp-content\/uploads\/sites\/2\/w2-0-mg-5480.jpg\" class=\"ct-image\"\/><\/div><div id=\"div_block-opo13-272\" class=\"ct-div-block mida25\" ><div id=\"text_block-opo14-284\" class=\"ct-text-block\" ><div>Esta es una peque\u00f1a tienda a pie de carretera en Pont de Suert, con doble funci\u00f3n, ofrecer producto local al for\u00e1neo y producto gourmet al consumidor local.<\/div><div><br><\/div><div>En ella se recupera la esencia de aquella tienda de ultramarinos que fue en aquellos a\u00f1os en los que el pueblo estaba lleno de trabajadores que agujereaban monta\u00f1as para obtener energ\u00eda. Dicha esencia se consigue con el uso de colores agradables, propios del territorio, materiales naturales, elementos recuperados y otros nuevos que, por contra, miran de pasar desapercibidos.<\/div><div><br><\/div><div>Adem\u00e1s la tienda ofrece la posibilidad de cambiar f\u00e1cilmente, acoger productos diversos seg\u00fan la temporada, subir y bajar baldas, mover expositores, cambiar el aparador... Todo para permitir combinar la venta habitual con presentaciones de productes, catas y un largo etc\u00e9tera.<\/div><div><br><\/div><div>Mano a mano, el estudio Latipo ha realizado una gr\u00e1fica, un naming y una rotulaci\u00f3n que culminan el proyecto. El resultado es un espacio pr\u00f3ximo, que invita a entrar y dejarse llevar por los consejos de Ares o, si se prefiere, cotillear libremente entre estanter\u00edas blancas, cajas recperadas y cestitas de mimbre.<\/div><\/div><\/div><\/div><\/div>\n\n<div id=\"d3f3hiv_block-2-272\" class=\"ct-div-block separador_blocs_no_peufoto\" ><div id=\"di7353753v_block-6-272\" class=\"ct-div-block\" ><div id=\"div_blo3753753ck-12-272\" class=\"ct-div-block\" ><img decoding=\"async\" loading=\"lazy\" id=\"image-7-272375375\" alt=\"\" src=\"https:\/\/www.albertsalvia.com\/wp-content\/uploads\/sites\/2\/w2-0-mg-5655.jpg\" class=\"ct-image\"\/><\/div><div id=\"div_b3753753lock-13-272\" class=\"ct-div-block\" ><img decoding=\"async\" loading=\"lazy\" id=\"image3753753-8-272\" alt=\"\" src=\"https:\/\/www.albertsalvia.com\/wp-content\/uploads\/sites\/2\/mg-5486-w2.jpg\" class=\"ct-image\"\/><\/div><\/div><\/div>\n\n<div id=\"divfdsf3_block-2-272\" class=\"ct-div-block separador_blocs_no_peufoto\" ><div id=\"div_g33gsblock-6-272\" class=\"ct-div-block\" ><img decoding=\"async\" loading=\"lazy\" id=\"image-gg31a7-272\" alt=\"\" src=\"https:\/\/www.albertsalvia.com\/wp-content\/uploads\/sites\/2\/w2-0-mg-5543.jpg\" class=\"ct-image\"\/><\/div><\/div>\n\n<div id=\"divfdsf3_block-2-272\" class=\"ct-div-block separador_blocs_no_peufoto\" ><div id=\"div_g33gsblock-6-272\" class=\"ct-div-block\" ><img decoding=\"async\" loading=\"lazy\" id=\"image-gg31a7-272\" alt=\"\" src=\"https:\/\/www.albertsalvia.com\/wp-content\/uploads\/sites\/2\/w2-0-mg-5544-mod.jpg\" class=\"ct-image\"\/><\/div><\/div>","protected":false},"template":"","meta":{"_acf_changed":false,"inline_featured_image":false,"footnotes":""},"categoria_projecte":[5],"class_list":["post-239","projecte","type-projecte","status-publish","hentry","categoria_projecte-comercio"],"acf":[],"yoast_head":"<!-- This site is optimized with the Yoast SEO plugin v27.5 - https:\/\/yoast.com\/product\/yoast-seo-wordpress\/ -->\n<title>Tienda Delares - Albert Salvia - Dissenyador d&#039;interiors<\/title>\n<meta name=\"robots\" content=\"index, follow, max-snippet:-1, max-image-preview:large, max-video-preview:-1\" \/>\n<link rel=\"canonical\" href=\"https:\/\/www.albertsalvia.com\/es\/projecte\/delares\/\" \/>\n<meta property=\"og:locale\" content=\"es_ES\" \/>\n<meta property=\"og:type\" content=\"article\" \/>\n<meta property=\"og:title\" content=\"Tienda Delares - Albert Salvia - Dissenyador d&#039;interiors\" \/>\n<meta property=\"og:url\" content=\"https:\/\/www.albertsalvia.com\/es\/projecte\/delares\/\" \/>\n<meta property=\"og:site_name\" content=\"Albert Salvia\" \/>\n<meta property=\"article:modified_time\" content=\"2022-12-30T16:06:56+00:00\" \/>\n<meta name=\"twitter:card\" content=\"summary_large_image\" \/>\n<script type=\"application\/ld+json\" class=\"yoast-schema-graph\">{\"@context\":\"https:\\\/\\\/schema.org\",\"@graph\":[{\"@type\":\"WebPage\",\"@id\":\"https:\\\/\\\/www.albertsalvia.com\\\/es\\\/projecte\\\/delares\\\/\",\"url\":\"https:\\\/\\\/www.albertsalvia.com\\\/es\\\/projecte\\\/delares\\\/\",\"name\":\"Tienda Delares - Albert Salvia - Dissenyador d&#039;interiors\",\"isPartOf\":{\"@id\":\"https:\\\/\\\/www.albertsalvia.com\\\/es\\\/#website\"},\"datePublished\":\"2022-05-10T08:55:00+00:00\",\"dateModified\":\"2022-12-30T16:06:56+00:00\",\"breadcrumb\":{\"@id\":\"https:\\\/\\\/www.albertsalvia.com\\\/es\\\/projecte\\\/delares\\\/#breadcrumb\"},\"inLanguage\":\"es\",\"potentialAction\":[{\"@type\":\"ReadAction\",\"target\":[\"https:\\\/\\\/www.albertsalvia.com\\\/es\\\/projecte\\\/delares\\\/\"]}]},{\"@type\":\"BreadcrumbList\",\"@id\":\"https:\\\/\\\/www.albertsalvia.com\\\/es\\\/projecte\\\/delares\\\/#breadcrumb\",\"itemListElement\":[{\"@type\":\"ListItem\",\"position\":1,\"name\":\"Portada\",\"item\":\"https:\\\/\\\/www.albertsalvia.com\\\/es\\\/\"},{\"@type\":\"ListItem\",\"position\":2,\"name\":\"Projectes\",\"item\":\"https:\\\/\\\/www.albertsalvia.com\\\/es\\\/projectes\\\/\"},{\"@type\":\"ListItem\",\"position\":3,\"name\":\"Tienda Delares\"}]},{\"@type\":\"WebSite\",\"@id\":\"https:\\\/\\\/www.albertsalvia.com\\\/es\\\/#website\",\"url\":\"https:\\\/\\\/www.albertsalvia.com\\\/es\\\/\",\"name\":\"Albert Salvia\",\"description\":\"Dissenyador d&#039;interiors\",\"potentialAction\":[{\"@type\":\"SearchAction\",\"target\":{\"@type\":\"EntryPoint\",\"urlTemplate\":\"https:\\\/\\\/www.albertsalvia.com\\\/es\\\/?s={search_term_string}\"},\"query-input\":{\"@type\":\"PropertyValueSpecification\",\"valueRequired\":true,\"valueName\":\"search_term_string\"}}],\"inLanguage\":\"es\"}]}<\/script>\n<!-- \/ Yoast SEO plugin. -->","yoast_head_json":{"title":"Tienda Delares - Albert Salvia - Dissenyador d&#039;interiors","robots":{"index":"index","follow":"follow","max-snippet":"max-snippet:-1","max-image-preview":"max-image-preview:large","max-video-preview":"max-video-preview:-1"},"canonical":"https:\/\/www.albertsalvia.com\/es\/projecte\/delares\/","og_locale":"es_ES","og_type":"article","og_title":"Tienda Delares - Albert Salvia - Dissenyador d&#039;interiors","og_url":"https:\/\/www.albertsalvia.com\/es\/projecte\/delares\/","og_site_name":"Albert Salvia","article_modified_time":"2022-12-30T16:06:56+00:00","twitter_card":"summary_large_image","schema":{"@context":"https:\/\/schema.org","@graph":[{"@type":"WebPage","@id":"https:\/\/www.albertsalvia.com\/es\/projecte\/delares\/","url":"https:\/\/www.albertsalvia.com\/es\/projecte\/delares\/","name":"Tienda Delares - Albert Salvia - Dissenyador d&#039;interiors","isPartOf":{"@id":"https:\/\/www.albertsalvia.com\/es\/#website"},"datePublished":"2022-05-10T08:55:00+00:00","dateModified":"2022-12-30T16:06:56+00:00","breadcrumb":{"@id":"https:\/\/www.albertsalvia.com\/es\/projecte\/delares\/#breadcrumb"},"inLanguage":"es","potentialAction":[{"@type":"ReadAction","target":["https:\/\/www.albertsalvia.com\/es\/projecte\/delares\/"]}]},{"@type":"BreadcrumbList","@id":"https:\/\/www.albertsalvia.com\/es\/projecte\/delares\/#breadcrumb","itemListElement":[{"@type":"ListItem","position":1,"name":"Portada","item":"https:\/\/www.albertsalvia.com\/es\/"},{"@type":"ListItem","position":2,"name":"Projectes","item":"https:\/\/www.albertsalvia.com\/es\/projectes\/"},{"@type":"ListItem","position":3,"name":"Tienda Delares"}]},{"@type":"WebSite","@id":"https:\/\/www.albertsalvia.com\/es\/#website","url":"https:\/\/www.albertsalvia.com\/es\/","name":"Albert Salvia","description":"Dissenyador d&#039;interiors","potentialAction":[{"@type":"SearchAction","target":{"@type":"EntryPoint","urlTemplate":"https:\/\/www.albertsalvia.com\/es\/?s={search_term_string}"},"query-input":{"@type":"PropertyValueSpecification","valueRequired":true,"valueName":"search_term_string"}}],"inLanguage":"es"}]}},"_links":{"self":[{"href":"https:\/\/www.albertsalvia.com\/es\/wp-json\/wp\/v2\/projecte\/239","targetHints":{"allow":["GET"]}}],"collection":[{"href":"https:\/\/www.albertsalvia.com\/es\/wp-json\/wp\/v2\/projecte"}],"about":[{"href":"https:\/\/www.albertsalvia.com\/es\/wp-json\/wp\/v2\/types\/projecte"}],"version-history":[{"count":6,"href":"https:\/\/www.albertsalvia.com\/es\/wp-json\/wp\/v2\/projecte\/239\/revisions"}],"predecessor-version":[{"id":1117,"href":"https:\/\/www.albertsalvia.com\/es\/wp-json\/wp\/v2\/projecte\/239\/revisions\/1117"}],"wp:attachment":[{"href":"https:\/\/www.albertsalvia.com\/es\/wp-json\/wp\/v2\/media?parent=239"}],"wp:term":[{"taxonomy":"categoria_projecte","embeddable":true,"href":"https:\/\/www.albertsalvia.com\/es\/wp-json\/wp\/v2\/categoria_projecte?post=239"}],"curies":[{"name":"wp","href":"https:\/\/api.w.org\/{rel}","templated":true}]}}

<div id="div_blnmjock-2-272" class="ct-div-block separador_blocs_in_proj" ><div id="div_blohjkhck-6-272" class="ct-div-block" ><div id="div_block7kk-12-272" class="ct-div-block" ><img decoding="async" loading="lazy" id="image-7k7kg-272" alt="" src="https://www.albertsalvia.com/wp-content/uploads/sites/2/w2-0-mg-5604.jpg" class="ct-image"/></div><div id="div_kg6kblock-13-272" class="ct-div-block" ><img decoding="async" loading="lazy" id="image-8-272l7l" alt="" src="https://www.albertsalvia.com/wp-content/uploads/sites/2/w2-0-mg-5539.jpg" class="ct-image"/></div></div><div id="div_block-5-272l66l" class="ct-div-block" ><div id="text_block-16-272k55h" class="ct-text-block mida18" >La composición del centro de la tienda puede variar completamente en función de las necesidades de cada momento y temporada</div></div></div>

<div id="div_blofsd3ck-2-272" class="ct-div-block separador_blocs_no_peufoto" ><div id="div_block-6-272t3gg" class="ct-div-block" ><div id="div_block-12-272g3rr" class="ct-div-block" ><img decoding="async" loading="lazy" id="image-7-272pop" alt="" src="https://www.albertsalvia.com/wp-content/uploads/sites/2/w2-0-mg-5480.jpg" class="ct-image"/></div><div id="div_block-opo13-272" class="ct-div-block mida25" ><div id="text_block-opo14-284" class="ct-text-block" ><div>Esta es una pequeña tienda a pie de carretera en Pont de Suert, con doble función, ofrecer producto local al foráneo y producto gourmet al consumidor local.</div><div><br></div><div>En ella se recupera la esencia de aquella tienda de ultramarinos que fue en aquellos años en los que el pueblo estaba lleno de trabajadores que agujereaban montañas para obtener energía. Dicha esencia se consigue con el uso de colores agradables, propios del territorio, materiales naturales, elementos recuperados y otros nuevos que, por contra, miran de pasar desapercibidos.</div><div><br></div><div>Además la tienda ofrece la posibilidad de cambiar fácilmente, acoger productos diversos según la temporada, subir y bajar baldas, mover expositores, cambiar el aparador... Todo para permitir combinar la venta habitual con presentaciones de productes, catas y un largo etcétera.</div><div><br></div><div>Mano a mano, el estudio Latipo ha realizado una gráfica, un naming y una rotulación que culminan el proyecto. El resultado es un espacio próximo, que invita a entrar y dejarse llevar por los consejos de Ares o, si se prefiere, cotillear libremente entre estanterías blancas, cajas recperadas y cestitas de mimbre.</div></div></div></div></div>

<div id="d3f3hiv_block-2-272" class="ct-div-block separador_blocs_no_peufoto" ><div id="di7353753v_block-6-272" class="ct-div-block" ><div id="div_blo3753753ck-12-272" class="ct-div-block" ><img decoding="async" loading="lazy" id="image-7-272375375" alt="" src="https://www.albertsalvia.com/wp-content/uploads/sites/2/w2-0-mg-5655.jpg" class="ct-image"/></div><div id="div_b3753753lock-13-272" class="ct-div-block" ><img decoding="async" loading="lazy" id="image3753753-8-272" alt="" src="https://www.albertsalvia.com/wp-content/uploads/sites/2/mg-5486-w2.jpg" class="ct-image"/></div></div></div>

<div id="divfdsf3_block-2-272" class="ct-div-block separador_blocs_no_peufoto" ><div id="div_g33gsblock-6-272" class="ct-div-block" ><img decoding="async" loading="lazy" id="image-gg31a7-272" alt="" src="https://www.albertsalvia.com/wp-content/uploads/sites/2/w2-0-mg-5543.jpg" class="ct-image"/></div></div>

<div id="divfdsf3_block-2-272" class="ct-div-block separador_blocs_no_peufoto" ><div id="div_g33gsblock-6-272" class="ct-div-block" ><img decoding="async" loading="lazy" id="image-gg31a7-272" alt="" src="https://www.albertsalvia.com/wp-content/uploads/sites/2/w2-0-mg-5544-mod.jpg" class="ct-image"/></div></div>
